Let n be 3/((63/6)/7). Let v(r) = -n + 4*r**2 - 4 + 1 - 3*r**2. Calculate v(0).
-5
Suppose 0 = 4*x - 0*x + 4. Let y(j) be the first derivative of -5*j**3/3 + j**2 + j - 8. Give y(x).
-6
Suppose -3*s + s = 0. Let o(h) = -1 + h**2 + 7*h**3 + 5 - 6*h**3. Determine o(s).
4
Suppose -2*h - 4*n + 4 - 22 = 0, -5*h - 3*n = 17. Let w(f) = 24*f + 17*f**3 - 19*f**3 - 23*f. Calculate w(h).
1
Let k(v) = -v**2 + v + 4. Suppose 5*a + 3*z - 8 - 6 = 0, 3*a - 10 = -z. Determine k(a).
-8
Let u(v) be the second derivative of v**5/20 + v**4/4 - v**3/6 - v**2/2 - 4*v. Calculate u(-3).
2
Let t(w) = 2*w - 1. Let n be -1*(-2 + (0 - 2)). Determine t(n).
7
Suppose 3*f = -0*f - 5*x + 14, 0 = -3*f - 3*x + 6. Let p(g) be the third derivative of -g**6/120 - g**5/20 - g**4/24 + g**3/3 + 2*g**2. What is p(f)?
0
Let b(u) = u**3 - 3*u**2 - 9*u - 3. Let z be b(5). Let k(r) = 3*r**2 + 7*r - 8. Let t(a) = 8*a**2 + 20*a - 23. Let w(q) = 17*k(q) - 6*t(q). Give w(z).
12
Let x(g) = g + 1 - 2 + 8. Determine x(-11).
-4
Let s(z) = -z**2 + 4*z - 1. Let v = -43 - -46. Give s(v).
2
Let j(d) = -d**3 + 4*d - 3. Suppose 4*g + 5*y + 13 = 37, -4*g = -4*y - 24. Let k = g + -4. What is j(k)?
-3
Let o(b) = -6*b + 5*b - 3*b + 0*b. What is o(-1)?
4
Let x(p) be the second derivative of -p**5/20 - 7*p**4/12 - 4*p**3/3 - 4*p**2 - 16*p. Calculate x(-6).
4
Let t(l) = -2*l**2 + 3*l - 3. Suppose -2*o - 2*p = 2*p + 2, -4*o - 4*p + 8 = 0. Let c = 7 - o. What is t(c)?
-5
Suppose -4*d = -2*a - 28, -4*d - 8 = -a + 2*a. Let k = -19 - a. Let f(m) = m**2 + 4*m - 8. Determine f(k).
13
Let y(q) = 14*q**3 + q**2 - q - 1. Suppose -3*m - 3*n = 9, 4*m - 3*n - 4 = n. Give y(m).
-13
Let x(z) = 2*z + 7. Suppose -7 = 2*d + 5*c, -2*d - c - 2*c - 9 = 0. What is x(d)?
-5
Let y(z) = 6*z + 2*z**3 + 6*z**2 - 1 + 0 - z**3. Let s be -1*(-3)/(-4)*-8. Let h(i) = -i**2 + 5*i + 1. Let x be h(s). What is y(x)?
-6
Suppose -a - 2 + 1 = 0. Let n(u) = 25*u. Let p(g) = -2*g. Let j(w) = -3*n(w) - 35*p(w). Calculate j(a).
5
Suppose 5*c = -5*q - 35, 2*q + 8 = -2*q. Let x(f) = f**2 + 7*f + 3. Give x(c).
-7
Let c(g) = -g + 8. Let x be 54/10 + 14/(-35). Give c(x).
3
Let p(l) = 3*l**2 - l. Let a be p(1). Let c(d) = 4*d**2 - d - 3*d**a - d - 1. Determine c(-1).
2
Let l(v) be the third derivative of 0 + 1/2*v**3 + 5/24*v**4 + 0*v - 2*v**2 - 1/60*v**5. Calculate l(6).
-3
Let v(u) = -5*u - 12 + 2*u + 5*u. Calculate v(5).
-2
Let v(k) = -k + 15. Suppose 0*j - 5*j + 50 = 0. Let l be v(j). Let m(x) = -3*x + 13. Let f(r) = 6*r - 27. Let g(b) = 6*f(b) + 13*m(b). Determine g(l).
-8
Suppose 0 = 5*u + 4*h + 10, u + 2*h + 8 = -0*u. Suppose -21 = -u*s - s. Let v(g) = -g**2 + 8*g - 4. Give v(s).
3
Let k(v) = v**3 - 2*v**2 - v - 1. Suppose 3*a - 30 = 15. Let b(g) = g**2 + 4*g + 5. Let t be b(-4). Suppose 0 = t*c - 0*c - a. Determine k(c).
5
Let t(q) = -q + 1. Let v(u) = 6 + u**2 - 4*u - 4*u + 3*u. Let p be v(4). Suppose -13 = i - a + 3*a, -p*i - 21 = 3*a. Give t(i).
4
Let l(k) = -k - 5. Let c be l(-5). Let t(n) be the first derivative of n**4/4 - n**2/2 + n + 5. Give t(c).
1
Let h(d) = -3*d - 4. Let u(c) = 1. Let f(q) = -h(q) - 4*u(q). Give f(-3).
-9
Let i(y) = -10*y - 8*y - 4 + 17*y. Give i(4).
-8
Let o(p) be the third derivative of -p**6/120 + p**4/12 - p**2. Let y = 0 - -2. What is o(y)?
-4
Let x(l) = -l**3 + 11*l**2 - l + 8. Let c be x(11). Let y = 6 + c. Let j(g) = -g**3 + 4*g**2 - g + 4. Determine j(y).
10
Let o(y) = -2*y**2 - 2*y + 1. Suppose -i - 3*i = 12. Let w be 0 - (9/i)/3. Suppose 0 = -5*m + 4 + w. Determine o(m).
-3
Let h(s) = 25*s**3 - 4*s**2 - 4*s - 2. Let o(f) = 13*f**3 - 2*f**2 - 2*f - 1. Let k(u) = 4*h(u) - 7*o(u). What is k(-1)?
-10
Let y(b) = 2*b**2 - 5*b - 4. Let z be (-3 - 24/(-9))*-12. Give y(z).
8
Let p = 4 + -3. Let n(x) be the second derivative of x**5/10 - x**4/12 + x**2/2 - 28*x. Give n(p).
2
Let j be 3*(-3)/15*-5. Suppose 2*y - 6 = -h, j*y + 0*y + 2*h = 7. Let r(x) = -x**2 + 7*x - 4. What is r(y)?
6
Let r(s) = -6*s**2 + 7*s + 4. Let y(g) = -g**2 - 4 - 2*g**2 - 6*g + 8*g**2. Suppose 4*p + 7 = -9. Let z(l) = p*r(l) - 5*y(l). Calculate z(3).
1
Let t(m) = 4*m - 1. Let n(u) = 11*u - 4. Let f(p) = -3*n(p) + 8*t(p). Let j be f(-5). Suppose 0 = -3*i + j. Let x(k) = 2*k + 1. Calculate x(i).
7
Let z be (-2 + 1)/(3/9). Let j(g) = 4*g + 1. Determine j(z).
-11
Let u be (0 + 1)*0/2. Suppose 2*k - 2 = -2*c, -k = 2 - 0. Let j(y) = -c - 4*y - y**2 + 5*y + 3. What is j(u)?
0
Let f(a) = a**3 + 7*a**2 + a - 2. Let x be -1 + (-8 - (1 - 3)). Give f(x).
-9
Let n(q) = 6*q + 1 - 5*q + 4 + 4. Calculate n(-4).
5
Let i(f) = -f**3 - 3*f**2 + 2*f - 3. Suppose -8 = 2*b - 4*p, 2*p = -5*b - 3*p - 20. Give i(b).
5
Let i(n) = -6*n + 0*n - 3 + 6*n**2 - n**3 + 1. Let j be ((-50)/(-15))/((-2)/(-3)). Give i(j).
-7
Let i(g) = -g**2 - g. Let v(n) = -3*n**2 - 8*n - 1. Let c(l) = -2*i(l) + v(l). What is c(-6)?
-1
Suppose u - 3 = 3. Suppose 2*t - g - 22 = -u*g, -3*t + 4*g - 13 = 0. Let p(w) = w - w**3 - 2*w**2 + 2*w**3 - 4*w**3. Give p(t).
-4
Let d(x) be the first derivative of x**5/40 - x**4/12 - 5*x**3/3 - 3. Let i(n) be the third derivative of d(n). Calculate i(2).
4
Let w(q) = -q + 8 + 3 - 6 + 1. Calculate w(6).
0
Let n(l) = -8*l + 1. Suppose 0 = -5*t + 4*t + 4*z - 5, -6 = 4*t - 2*z. Give n(t).
9
Suppose -2*v = 1 + 1. Let i(f) = -f**3 + f**2 + f + 1. Let n(k) = -3*k**3 + 5*k**2 + 4. Let m(q) = v*n(q) + 2*i(q). What is m(3)?
4
Let p = -4 - -8. Let c(n) = -15*n - 2 + 36*n - 22. Let h(v) = -5*v + 6. Let b(t) = 2*c(t) + 9*h(t). Calculate b(p).
-6
Let o(i) = 3*i**3 - 1 + 9*i**3 + 2*i - 2*i**2 - 9*i**3. Let r(t) = t - 3. Let y be r(4). Calculate o(y).
2
Let g(l) = 4*l + 3. Let n(c) = c + 1. Let f(y) = g(y) - 3*n(y). Let v(t) = t**2 + t + 2. Let r be v(-1). Let h be r + 3 + 21/(-7). Calculate f(h).
2
Let d(x) = -x**2 + 3*x + 4. Let g = -12 + 6. Let z be (-2)/6 - 32/g. Suppose -r + 4 = 3*k, -3*r + z*k + 9 = -3. Determine d(r).
0
Let m be 6/(-8) - 8/32. Let f be (-2)/8 - m/4. Let a = -5 - f. Let i(n) = n**3 + 5*n**2 - n + 2. What is i(a)?
7
Let a(p) = -2*p**2 - 5*p + 1. Let j be a(-3). Let v(u) = u**2 - u - 2. Determine v(j).
4
Let q(l) = l**2 - l - 8. Suppose 11*s = 13 - 13. Calculate q(s).
-8
Suppose 0 = 7*y - 2*y. Let h(c) = 0 - 3*c + y*c**2 + 0*c**2 + 1 - c**2. Suppose 3*q - 29 = 5*z, 5*z - 4*q = -21 - 11. Determine h(z).
-3
Let g = 53 + -46. Let w(z) = z**2 - 6*z - 7. Give w(g).
0
Let j(s) = 8*s - 10. Let i be j(2). Let n(h) = -h**2 + h. Let g(v) = 5*v**2 - 9*v - 2. Let f(z) = g(z) + 4*n(z). Determine f(i).
4
Let n(j) = -j**2 + 5*j + 11. Let k be n(7). Let v(m) be the first derivative of -m**3/3 - m**2/2 - m - 1. Calculate v(k).
-7
Suppose -4*t = -2*m - 2*t - 4, -4*m = 4*t + 32. Let s(a) be the first derivative of -a**2/2 - 2*a - 2. Give s(m).
3
Let i(n) = 3*n**3 - 3*n**2 - n + 15. Let r(x) = x**3 - 2*x**2 + 7. Let m(w) = 2*i(w) - 5*r(w). Let u be (-26)/6 - (-1)/3. Calculate m(u).
3
Let v(d) = 8*d + 7 + 19*d**3 + 12*d**3 + 13*d**3 - 5*d**2 - 45*d**3. Let o = 22 + -11. Let t = -17 + o. What is v(t)?
-5
Let m(x) = -x**2 - 4*x + 1. Let i be 1*5 - (5 + -4). Let h = i - 8. Determine m(h).
1
Let p = 39 + -30. Let s(m) = -m**3 + 8*m**2 + 12*m - 10. Determine s(p).
17
Let h be (-3)/6 + 6/4. Let x = 7 + -3. Let m(r) = 5 + 17*r**2 + 0 - x - 21*r**2. Determine m(h).
-3
Suppose 2*i = -w + 8, -2*i - 42 = -7*i + 3*w. Let r(b) be the first derivative of b**2/2 - 8*b - 2. Calculate r(i).
-2
Let r = -21 + 24. Let d(l) = -l**2 + 2*l + 3. Calculate d(r).
0
Suppose -4*z + 2*z - 10 = 0, 5*z + 5 = 4*u. Let p(i) = -i**3 - 6*i**2 - 3*i - 1. What is p(u)?
-11
Let v(i) = -i - 5. Let g(o) = 2. Let t(n) = -2*g(n) - 2*v(n). Let a(k) = -k + 7. Let x be a(11). Calculate t(x).
-2
Let w(l) = l**2 + 19*l - 2. Let n be w(-19). Let t(m) = -2*m**3 - m**2 - 2*m - 3. Determine t(n).
13
Let x(b) = b + 2. Suppose -y = 2*q + 3*q + 19, 2*q + 22 = -4*y. Let z be 1 + (-2 - (2 + q)). What is x(z)?
2
Let b(a) = -2. Let f(v) = -v - 1. Let w(o) = 3*b(o) - 2*f(o). Let j(g) = 3. Let c(p) = p - 1. Let u(x) = -4*c(x) + j(x). Let n(m) = -4*u(m) - 9*w(m). Give n(6).
-4
Let w(g) = -g**2 - 2*g**3 + g**3 + 5*g + 1 + 4*g**2 + 2. Give w(4).
7
Let z(a) = -a - 6. Let c be z(-12). Let y(g) = 2*g + 2. Determine y(c).
14
Let u(a) = 7*a. Let k(q) = q. Let h(o) = 6*k(o) - u(o). Let p be h(-2). Let f(v) = v**3 + 2. Calculate f(p).
10
Suppose 